{"id":6372,"date":"2018-04-04T16:26:38","date_gmt":"2018-04-04T14:26:38","guid":{"rendered":"http:\/\/fensterfuchs.at\/test\/arno\/?page_id=6372"},"modified":"2024-07-16T09:35:44","modified_gmt":"2024-07-16T07:35:44","slug":"qpolitik","status":"publish","type":"page","link":"https:\/\/www.mkofler.at\/arno\/qpolitik\/","title":{"rendered":"Unsere Q-Politik"},"content":{"rendered":"<p><section   class=\"fw-main-row-custom fw-main-row-top fw-section-no-padding  auto  fw-section-position-back tf-sh-dc96d4f6c648f46e44263cd2419821a3\"    >\n\t\t\t<div class=\"fw-container-fluid\" >\n\t\t<div class=\"fw-row\">\n\t<div id=\"column-69f5d1a6d9eac\" class=\"fw-col-sm-12 tf-sh-066edac9fe4ef4b1dde4096d2f8ee9af  fw-col-no-padding\" >\n\t<div class=\"fw-wrap-col-inner clearfix  \"   >\n\t\t\t\t<div class=\"fw-col-inner\">\n\t\t\t\n\t\t\t<!-- START Placeholder REVOLUTION SLIDER 6.1.8 --><p class=\"rs-p-wp-fix\"><\/p>\n\t\t\t<rs-module-wrap id=\"rev_slider_17_1_wrapper\" data-source=\"gallery\" style=\"background:transparent;padding:0;margin:0px auto;margin-top:0;margin-bottom:0;\">\n\t\t\t\t<rs-module id=\"rev_slider_17_1\" style=\"display:none;\" data-version=\"6.1.8\">\n\t\t\t\t\t<rs-slides>\n\t\t\t\t\t\t<rs-slide data-key=\"rs-31\" data-title=\"Slide\" data-duration=\"7000\" data-anim=\"ei:d;eo:d;s:d,d;r:0;t:slideleft,slideright;sl:d,d;\">\n\t\t\t\t\t\t\t<img loading=\"lazy\" decoding=\"async\" src=\"\/\/www.mkofler.at\/arno\/wp-content\/plugins\/revslider\/public\/assets\/assets\/dummy.png\" alt=\"Lagerentnahme einer Packung Wendeschneidplatten\" title=\"ak_ha\" width=\"2001\" height=\"801\" data-lazyload=\"\/\/www.mkofler.at\/arno\/wp-content\/uploads\/sites\/3\/2020\/03\/ak_ha.jpg\" data-parallax=\"off\" class=\"rev-slidebg\" data-no-retina>\n<!---->\t\t\t\t\t\t<\/rs-slide>\n\t\t\t\t\t<\/rs-slides>\n\t\t\t\t\t<rs-progress style=\"height: 5px; background: rgba(0,0,0,0.15);\"><\/rs-progress>\n\t\t\t\t<\/rs-module>\n\t\t\t\t<script type=\"text\/javascript\">\n\t\t\t\t\tsetREVStartSize({c: 'rev_slider_17_1',rl:[1240,1024,778,480],el:[600,450,500,400],gw:[1920,1024,778,480],gh:[600,450,500,400],type:'standard',justify:'',layout:'fullwidth',mh:\"0\"});\n\t\t\t\t\tvar\trevapi17,\n\t\t\t\t\t\ttpj;\n\t\t\t\t\tjQuery(function() {\n\t\t\t\t\t\ttpj = jQuery;\n\t\t\t\t\t\tif(tpj(\"#rev_slider_17_1\").revolution == undefined){\n\t\t\t\t\t\t\trevslider_showDoubleJqueryError(\"#rev_slider_17_1\");\n\t\t\t\t\t\t}else{\n\t\t\t\t\t\t\trevapi17 = tpj(\"#rev_slider_17_1\").show().revolution({\n\t\t\t\t\t\t\t\tjsFileLocation:\"\/\/www.mkofler.at\/arno\/wp-content\/plugins\/revslider\/public\/assets\/js\/\",\n\t\t\t\t\t\t\t\tsliderLayout:\"fullwidth\",\n\t\t\t\t\t\t\t\tduration:7000,\n\t\t\t\t\t\t\t\tvisibilityLevels:\"1240,1024,778,480\",\n\t\t\t\t\t\t\t\tgridwidth:\"1920,1024,778,480\",\n\t\t\t\t\t\t\t\tgridheight:\"600,450,500,400\",\n\t\t\t\t\t\t\t\tlazyType:\"smart\",\n\t\t\t\t\t\t\t\teditorheight:\"600,450,500,400\",\n\t\t\t\t\t\t\t\tresponsiveLevels:\"1240,1024,778,480\",\n\t\t\t\t\t\t\t\tnavigation: {\n\t\t\t\t\t\t\t\t\tmouseScrollNavigation:false,\n\t\t\t\t\t\t\t\t\tonHoverStop:false,\n\t\t\t\t\t\t\t\t\ttouch: {\n\t\t\t\t\t\t\t\t\t\ttouchenabled:true,\n\t\t\t\t\t\t\t\t\t\tswipe_min_touches:50\n\t\t\t\t\t\t\t\t\t}\n\t\t\t\t\t\t\t\t},\n\t\t\t\t\t\t\t\tparallax: {\n\t\t\t\t\t\t\t\t\tlevels:[2,3,4,5,6,7,12,16,10,50,47,48,49,50,51,55],\n\t\t\t\t\t\t\t\t\ttype:\"mouse\",\n\t\t\t\t\t\t\t\t\torigo:\"slidercenter\",\n\t\t\t\t\t\t\t\t\tspeed:2000\n\t\t\t\t\t\t\t\t},\n\t\t\t\t\t\t\t\tfallbacks: {\n\t\t\t\t\t\t\t\t\tallowHTML5AutoPlayOnAndroid:true\n\t\t\t\t\t\t\t\t},\n\t\t\t\t\t\t\t});\n\t\t\t\t\t\t}\n\t\t\t\t\t\t\n\t\t\t\t\t});\n\t\t\t\t<\/script>\n\t\t\t<\/rs-module-wrap>\n\t\t\t<!-- END REVOLUTION SLIDER -->\n\t\t<\/div>\n\t<\/div>\n<\/div><\/div>\n\n\t<\/div>\n\t<\/section><section   class=\"fw-main-row-custom fw-content-overlay-custom auto  fw-section-position-back tf-sh-769290c209d7cf5b8f5861d033987dff\"  style=\"margin-bottom:-43px; background-color:#ffffff;\"  >\n\t\t\t<div class=\"fw-container\" >\n\t\t<div class=\"fw-row\">\n\t<div id=\"column-69f5d1a6deaff\" class=\"fw-col-sm-12 fw-mobile-hide-element tf-sh-09813795f41c44e05613cb8c677acda7  fw-col-no-padding\" >\n\t<div class=\"fw-wrap-col-inner clearfix  \"   >\n\t\t\t\t<div class=\"fw-col-inner\">\n\t\t\t<div class=\"fw-heading fw-heading-left  tf-sh-e0204e97ffbe64402a618ded27e229e3\" >\n\t\t\t<h2 class=\"fw-special-title\">UNSERE Q-POLITIK<\/h2>\n\t\n\t\n\t<\/div>\t<div  class=\"fw-divider tf-sh-be9a829324bb8ebf09276045ea502628  fw-divider-align-left fw-line-solid fw-divider-line   fw_theme_border_only_color_1\"  style=\"width:115px; padding-top:20px; margin-bottom:20px; \" ><\/div>\n\t\t<\/div>\n\t<\/div>\n<\/div><\/div>\n\n<div class=\"fw-row\">\n\t<div id=\"column-69f5d1a6ded55\" class=\"fw-col-sm-12 tf-sh-baf7526246b6a2f586159298042eac7f  fw-col-no-padding\" >\n\t<div class=\"fw-wrap-col-inner clearfix  \"   >\n\t\t\t\t<div class=\"fw-col-inner\">\n\t\t\t<div class=\"fw-text-box tf-sh-e79997409d0ba4d930977e2231270818 \" >\n\t<div class=\"fw-text-inner\">\n\t\t<h2>Vision<\/h2>\n<p>Metall Kofler behauptet seine Marktposition als Anbieter von Pr\u00e4zisionswerkzeugen f\u00fcr die spanhebende Fertigung durch innovative L\u00f6sungen f\u00fcr die Kunden im Bereich der Sonderwerkzeuge und im Standardprogramm.<\/p>\n<h2>Mission<\/h2>\n<p>Metall Kofler ist Hersteller und Vertreiber innovativer Pr\u00e4zisionswerkzeuge. Unsere erkl\u00e4rten Ziele sind die partnerschaftliche Zusammenarbeit mit unseren Auftraggebern, das Einbringen unserer fachlichen und technologischen Kompetenz und unsere Produkte frei von M\u00e4ngeln sowie technisch und wirtschaftlich bestm\u00f6glich, herzustellen.<\/p>\n<h2>Handlungsgrunds\u00e4tze<\/h2>\n<p><strong>Qualit\u00e4t:<\/strong><\/p>\n<p style=\"padding-left: 30px;\">Fortw\u00e4hrende Erneuerung der Zertifizierung nach ISO 9001:2015<br \/>Erf\u00fcllung der Anspr\u00fcche und Erwartungen unserer Kunden<br \/>Fehlervermeidung steht vor Fehlerentdeckung<br \/>Jeder Mitarbeiter kennt die Qualit\u00e4tsforderungen an seine Arbeit<br \/>Qualit\u00e4tssicherung ist integraler Bestandteil aller Prozesse<\/p>\n<p><strong>Kosten: <\/strong><\/p>\n<p style=\"padding-left: 30px;\">Kostenoptimierte Auftragserf\u00fcllung<br \/>Transparente Prozesse von der Planung bis zur Realisierung<br \/>St\u00e4ndige Verbesserung unter Einbindung aller Mitarbeiter<\/p>\n<p><strong>Termin: <\/strong><\/p>\n<p style=\"padding-left: 30px;\">Flexibilit\u00e4t und punktgenaue Lieferung<br \/>Flexibilit\u00e4t durch Fachkompetenz der Mitarbeiter<br \/>Liefertreue durch exakte Auftragsabwicklung<\/p>\n<p><strong>Arbeitssicherheit, Unfall- und Gesundheitsschutz der Mitarbeiter:<\/strong><\/p>\n<p style=\"padding-left: 30px;\">Eliminierung von Gef\u00e4hrdungspotentialen durch die systematische Pr\u00fcfung der Arbeitspl\u00e4tze unter Einbindung aller Mitarbeiter<\/p>\n<p><strong>Umweltschutz, Schonung der Umwelt:<\/strong><\/p>\n<p style=\"padding-left: 30px;\">Umweltbewusstsein der Mitarbeiter<br \/>Einhaltung der beh\u00f6rdlichen Vorgaben<\/p>\n<h2><\/h2>\n<h2>Werte<\/h2>\n<p><strong>F\u00fchrung:<\/strong> Offene F\u00fchrung, Prozessorientierung und Teamarbeit<br \/><strong>Mitarbeiter:<\/strong> Kompetenz und Eigenverantwortung durch st\u00e4ndige Weiterbildung<br \/><strong>Anlagen:<\/strong> Effiziente und reproduzierbare Fertigung durch moderne Anlagen<br \/><strong>Partner:<\/strong> Partnerschaftliche Zusammenarbeit mit regionalen Fachbetrieben<\/p>\n<h2>Verpflichtung<\/h2>\n<p>Die Gesch\u00e4ftsf\u00fchrung verpflichtet sich und die Mitarbeiter zur Erf\u00fcllung festgelegter<br \/>Anforderungen sowie zur Einhaltung und st\u00e4ndigen Verbesserung dieser<br \/>Grunds\u00e4tze.<\/p>\n\t<\/div>\n<\/div>\t<div  class=\"fw-divider tf-sh-94c2f77f9c898faa21cecdfee4682f54  fw-divider-align-left fw-line-solid fw-divider-line   fw_theme_border_only_color_1\"  style=\"width:115px; padding-top:20px; margin-bottom:20px; \" ><\/div>\n\t<a href=\"https:\/\/www.mkofler.at\/metall\/wp-content\/uploads\/sites\/2\/2024\/07\/2024-Zertifikat-9001-Metall-Kofler-dt.pdf\" target=\"_blank\" class=\"fw-btn tf-sh-d0ab7556f9d1c091fcb3a4e9ab166d34  fw-btn-md   fw-btn-side-by-side fw-btn-4\"  rel=\"nofollow\" style=\"\">\n\t\t<span >\n\t\t\t<i class=\"pull-left-icon fa fa-file-pdf-o\" style=\"font-size:12px;\"><\/i>DOWNLOAD ZERTIFIKAT ISO 9001\t\t<\/span>\n\t<\/a>\n\t\t<\/div>\n\t<\/div>\n<\/div><\/div>\n\n\t<\/div>\n\t<\/section><\/p>\n","protected":false},"excerpt":{"rendered":"<p>UNSERE Q-POLITIK Vision Metall Kofler behauptet seine Marktposition als Anbieter von Pr\u00e4zisionswerkzeugen f\u00fcr die spanhebende Fertigung durch innovative L\u00f6sungen f\u00fcr die Kunden im Bereich der Sonderwerkzeuge und im Standardprogramm. Mission Metall Kofler ist Hersteller und Vertreiber innovativer Pr\u00e4zisionswerkzeuge. Unsere erkl\u00e4rten Ziele sind die partnerschaftliche Zusammenarbeit mit unseren Auftraggebern, das Einbringen unserer fachlichen und technologischen Kompetenz [&hellip;]<\/p>\n","protected":false},"author":1,"featured_media":0,"parent":0,"menu_order":0,"comment_status":"closed","ping_status":"closed","template":"visual-builder-template.php","meta":{"footnotes":""},"class_list":["post-6372","page","type-page","status-publish","hentry"],"_links":{"self":[{"href":"https:\/\/www.mkofler.at\/arno\/wp-json\/wp\/v2\/pages\/6372","targetHints":{"allow":["GET"]}}],"collection":[{"href":"https:\/\/www.mkofler.at\/arno\/wp-json\/wp\/v2\/pages"}],"about":[{"href":"https:\/\/www.mkofler.at\/arno\/wp-json\/wp\/v2\/types\/page"}],"author":[{"embeddable":true,"href":"https:\/\/www.mkofler.at\/arno\/wp-json\/wp\/v2\/users\/1"}],"replies":[{"embeddable":true,"href":"https:\/\/www.mkofler.at\/arno\/wp-json\/wp\/v2\/comments?post=6372"}],"version-history":[{"count":8,"href":"https:\/\/www.mkofler.at\/arno\/wp-json\/wp\/v2\/pages\/6372\/revisions"}],"predecessor-version":[{"id":10270,"href":"https:\/\/www.mkofler.at\/arno\/wp-json\/wp\/v2\/pages\/6372\/revisions\/10270"}],"wp:attachment":[{"href":"https:\/\/www.mkofler.at\/arno\/wp-json\/wp\/v2\/media?parent=6372"}],"curies":[{"name":"wp","href":"https:\/\/api.w.org\/{rel}","templated":true}]}}